{"id":101517,"date":"2026-04-16T08:20:59","date_gmt":"2026-04-16T06:20:59","guid":{"rendered":"https:\/\/materiel-reseau.fr\/index.php\/product\/ap-wifi7-be12000-montage-au-plafond-eap787\/"},"modified":"2026-04-16T08:20:59","modified_gmt":"2026-04-16T06:20:59","slug":"ap-wifi7-be12000-montage-au-plafond-eap787","status":"publish","type":"product","link":"https:\/\/materiel-reseau.fr\/index.php\/product\/ap-wifi7-be12000-montage-au-plafond-eap787\/","title":{"rendered":"AP WiFi7 BE12000 montage au plafond &#8211; EAP787"},"content":{"rendered":"<div class=\"box title\">\n<div data-name=\"EAP787\" data-pack=\"\" data-version=\"(US) V1\" id=\"ga-product-name\">\n<p aria-label=\"Texte traduit\u00a0: EAP787 Prochainement\nPoint d'acc\u00e8s Wi-Fi 7 tribande BE15000 pour montage au plafond\n\nScan RF d\u00e9di\u00e9\u00a0: Surveillance du spectre en temps r\u00e9el et pr\u00e9vention dynamique des interf\u00e9rences pour des performances sans fil robustes\u00a7\nCouverture 6\u00a0GHz maximis\u00e9e avec AFC\u00a0: B\u00e9n\u00e9ficiez de signaux plus puissants et d'une port\u00e9e 6\u00a0GHz \u00e9tendue#\nWi-Fi 7 tribande 8\u00a0flux\u00a0: 5\u00a0765\u00a0Mbit\/s sur 6\u00a0GHz, 8\u00a0648\u00a0Mbit\/s sur 5\u00a0GHz et 688\u00a0Mbit\/s sur 2,4\u00a0GHz\u2020\n1\u00a0port 10\u00a0G\u00a0: Assure une connectivit\u00e9 rapide sur tout le r\u00e9seau\nFaible latence et interf\u00e9rences\u00a0: Bande passante de 320\u00a0MHz, fonctionnement multi-liaison, multi-RU et 4K-QAM pour des performances r\u00e9seau \u00e9lev\u00e9es\u2021\nD\u00e9ploiement flexible et configuration facile\u00a0: Prise en charge de la norme PoE 802.3bt et de l'alimentation CC pour une installation flexible avec Omada SDN Configuration en un clic.\nFonctionnalit\u00e9s avanc\u00e9es\u00a0: Gestion centralis\u00e9e, maillage et itin\u00e9rance transparente.\u25b3\nCapacit\u00e9 accrue et couverture \u00e9tendue\u00a0: Prise en charge de plus de 510 clients simultan\u00e9s** et couverture jusqu'\u00e0 190\u00a0m\u00b2* pour une connectivit\u00e9 sans fil fiable et \u00e9tendue.\" class=\"NavItemDesc\" data-placeholder=\"Traduction\" data-ved=\"2ahUKEwiSr67VqJmQAxXVUqQEHZWjGGMQ3ewLegQICxAU\" dir=\"ltr\" role=\"text\" style=\"text-align: left;\" tabindex=\"-1\"><!--StartFragment --><\/p>\n<h4>Caract&eacute;ristiques:<\/h4>\n<ul>\n<li>Interfaces:\n<ul>\n<li>1&nbsp;x port RJ-45 10G PoE<\/li>\n<li>1 x connecteur d&#39;alimentation<\/li>\n<\/ul>\n<\/li>\n<li>Mode de fonctionnement:\n<ul>\n<li>Point d&#39;acc&egrave;s<\/li>\n<li>Point d&#39;acc&egrave;s manag&eacute;\n<ul>\n<li>Mesh<\/li>\n<\/ul>\n<\/li>\n<\/ul>\n<\/li>\n<li>Capacit&eacute; th&eacute;orique:\n<ul>\n<li>Couverture: 190 m&sup2;<\/li>\n<li>Charge: 510 clients<\/li>\n<\/ul>\n<\/li>\n<li>Wifi:\n<ul>\n<li>Norme: 802.11 a\/b\/g\/n\/ac\/ax\/be<\/li>\n<li>Fr&eacute;quence: 2.4 GHz, 5 GHz et 6 GHz<\/li>\n<li>Vitesse: 12200 Mbps<\/li>\n<li>S&eacute;curit&eacute;:&nbsp;WPA \/ WPA2 \/ WPA3<\/li>\n<li>Antennes&nbsp;\n<ul>\n<li>2.4 GHz: 2&times; 4.0 dBi&nbsp;<\/li>\n<li>5 GHz: 4&times; 5.0 dBi&nbsp;<\/li>\n<li>6 GHz: 2&times; 5.0 dBi<\/li>\n<\/ul>\n<\/li>\n<\/ul>\n<\/li>\n<li>Bluetooth<\/li>\n<li>Boitier: PVC<\/li>\n<li>Fixation: Plafond, mural, boite de jonction, T-Bar<\/li>\n<li>Temp&eacute;rature de fonctionnement: De 0 &agrave; 40&deg;C<\/li>\n<li>Alimentation:&nbsp;\n<ul>\n<li>PoE 802.3 at\/bt<\/li>\n<li>Externe 12V<\/li>\n<\/ul>\n<\/li>\n<li>Consommation: 29 W<\/li>\n<li>Dimensions: 220 x 220 x 38.8 mm<\/li>\n<\/ul>\n<\/div>\n<\/div>\n<p>EAP787<\/p>\n","protected":false},"excerpt":{"rendered":"<p>Caract&eacute;ristiques: Interfaces: 1&nbsp;x port RJ-45 10G PoE 1 x connecteur d&#39;alimentation Mode de fonctionnement: Point d&#39;acc&egrave;s Point d&#39;acc&egrave;s manag&eacute; Mesh Capacit&eacute; th&eacute;orique: Couverture: 190 m&sup2; Charge: 510 clients Wifi: Norme:<\/p>\n","protected":false},"featured_media":0,"comment_status":"closed","ping_status":"open","template":"","meta":{"_acf_changed":false},"product_brand":[],"product_cat":[921],"product_tag":[],"class_list":{"0":"post-101517","1":"product","2":"type-product","3":"status-publish","5":"product_cat-points-dacces-wifi","7":"first","8":"instock","9":"taxable","10":"shipping-taxable","11":"product-type-simple"},"acf":[],"_links":{"self":[{"href":"https:\/\/materiel-reseau.fr\/index.php\/wp-json\/wp\/v2\/product\/101517","targetHints":{"allow":["GET"]}}],"collection":[{"href":"https:\/\/materiel-reseau.fr\/index.php\/wp-json\/wp\/v2\/product"}],"about":[{"href":"https:\/\/materiel-reseau.fr\/index.php\/wp-json\/wp\/v2\/types\/product"}],"replies":[{"embeddable":true,"href":"https:\/\/materiel-reseau.fr\/index.php\/wp-json\/wp\/v2\/comments?post=101517"}],"wp:attachment":[{"href":"https:\/\/materiel-reseau.fr\/index.php\/wp-json\/wp\/v2\/media?parent=101517"}],"wp:term":[{"taxonomy":"product_brand","embeddable":true,"href":"https:\/\/materiel-reseau.fr\/index.php\/wp-json\/wp\/v2\/product_brand?post=101517"},{"taxonomy":"product_cat","embeddable":true,"href":"https:\/\/materiel-reseau.fr\/index.php\/wp-json\/wp\/v2\/product_cat?post=101517"},{"taxonomy":"product_tag","embeddable":true,"href":"https:\/\/materiel-reseau.fr\/index.php\/wp-json\/wp\/v2\/product_tag?post=101517"}],"curies":[{"name":"wp","href":"https:\/\/api.w.org\/{rel}","templated":true}]}}